{"id":112,"date":"2026-03-06T12:03:44","date_gmt":"2026-03-06T12:03:44","guid":{"rendered":"https:\/\/centreisis.com\/?page_id=112"},"modified":"2026-03-09T12:21:37","modified_gmt":"2026-03-09T12:21:37","slug":"lifting-facial-con-acupuntura","status":"publish","type":"page","link":"https:\/\/nefer.es\/index.php\/lifting-facial-con-acupuntura\/","title":{"rendered":"Lifting Facial con Acupuntura"},"content":{"rendered":"<div class=\"wp-block-image\">\n<figure class=\"aligncenter is-resized\"><img decoding=\"async\" src=\"https:\/\/i0.wp.com\/centreisis.es\/wp-content\/uploads\/2022\/05\/Captura_acupuntura_cara.jpg?resize=412%2C276&amp;ssl=1\" alt=\"\" class=\"wp-image-2238\" style=\"aspect-ratio:1.492781520692974;width:380px;height:auto\" title=\"Captura_acupuntura_cara\"\/><\/figure>\n<\/div>\n\n\n<h4 class=\"wp-block-heading has-text-align-center\">En qu\u00e9 consiste<\/h4>\n\n\n\n<p class=\"has-text-align-center\">Es una terapia dise\u00f1ada para reducir, minimizar y corregir las arrugas que son evidencias visuales del envejecimiento.<\/p>\n\n\n\n<p class=\"has-text-align-center\">Es un tratamiento novedoso, efectivo y 100% natural.<\/p>\n\n\n\n<p class=\"has-text-align-center\">Este m\u00e9todo terap\u00e9utico puede regenerar las c\u00e9lulas del cutis, estimula la producci\u00f3n de col\u00e1geno y elastina necesarios para tener una piel m\u00e1s fina y tersa.<\/p>\n\n\n\n<p class=\"has-text-align-center\">La acupuntura impulsa armoniosamente la circulaci\u00f3n sangu\u00ednea y la energ\u00eda promueve todos los sistemas, la funci\u00f3n de los fluidos, los tejidos y fibras corporales, para ayudar al fortalecimiento de los m\u00fasculos faciales.<\/p>\n\n\n\n<h4 class=\"wp-block-heading has-text-align-center\">Beneficios<\/h4>\n\n\n\n<p class=\"has-text-align-center\">\u2013 Las agujas estimulan los nervios causando una contracci\u00f3n de la dermis.<br>\u2013 Los m\u00fasculos faciales se recogen y se produce el estiramiento de la piel.<br>\u2013 Tiene un efecto drenante regulando la secreci\u00f3n de las gl\u00e1ndulas seb\u00e1ceas mejorando la elasticidad de la piel y evitando la obstrucci\u00f3n a nivel cut\u00e1neo, y ayuda a eliminar toxinas mejorando las condiciones patol\u00f3gicas proporcionando un aspecto m\u00e1s saludable en pieles castigadas por estr\u00e9s.<br>\u2013 Incrementa la producci\u00f3n de col\u00e1geno y elastina reafirmando la piel y rellenando las arrugas.<br>\u2013 Reduce las l\u00edneas de expresi\u00f3n, bolsas en los ojos, cejas ca\u00eddas, reduce papada, patas de gallo, etc.<br>\u2013 Mejora la flacidez muscular facial.<br>\u2013 Mejora la microcirculaci\u00f3n sangu\u00ednea de la cara y, por lo tanto, la nutrici\u00f3n celular reavivando el brillo facial. El envejecimiento no es m\u00e1s que la falta de irrigaci\u00f3n, este efecto es particularmente notable en la piel de la cara debido a la abundancia de vasos y nervios que posee.<\/p>\n\n\n\n<p><\/p>\n\n\n\n<p><br><\/p>\n\n\n\n<p><\/p>\n","protected":false},"excerpt":{"rendered":"<p>En qu\u00e9 consiste Es una terapia dise\u00f1ada para reducir, minimizar y corregir las arrugas que son evidencias visuales del envejecimiento. Es un tratamiento novedoso, efectivo y 100% natural. Este m\u00e9todo terap\u00e9utico puede regenerar las c\u00e9lulas del cutis, estimula la producci\u00f3n de col\u00e1geno y elastina necesarios para tener una piel m\u00e1s fina y tersa. La acupuntura&hellip;&nbsp;<\/p>\n","protected":false},"author":1,"featured_media":0,"parent":0,"menu_order":0,"comment_status":"closed","ping_status":"closed","template":"","meta":{"neve_meta_sidebar":"","neve_meta_container":"","neve_meta_enable_content_width":"","neve_meta_content_width":0,"neve_meta_title_alignment":"","neve_meta_author_avatar":"","neve_post_elements_order":"","neve_meta_disable_header":"","neve_meta_disable_footer":"","neve_meta_disable_title":"","footnotes":""},"class_list":["post-112","page","type-page","status-publish","hentry"],"yoast_head":"<!-- This site is optimized with the Yoast SEO plugin v27.5 - https:\/\/yoast.com\/product\/yoast-seo-wordpress\/ -->\n<title>Lifting Facial con Acupuntura - centre nefer<\/title>\n<meta name=\"robots\" content=\"index, follow, max-snippet:-1, max-image-preview:large, max-video-preview:-1\" \/>\n<link rel=\"canonical\" href=\"https:\/\/nefer.es\/index.php\/lifting-facial-con-acupuntura\/\" \/>\n<meta property=\"og:locale\" content=\"es_ES\" \/>\n<meta property=\"og:type\" content=\"article\" \/>\n<meta property=\"og:title\" content=\"Lifting Facial con Acupuntura - centre nefer\" \/>\n<meta property=\"og:description\" content=\"En qu\u00e9 consiste Es una terapia dise\u00f1ada para reducir, minimizar y corregir las arrugas que son evidencias visuales del envejecimiento. Es un tratamiento novedoso, efectivo y 100% natural. Este m\u00e9todo terap\u00e9utico puede regenerar las c\u00e9lulas del cutis, estimula la producci\u00f3n de col\u00e1geno y elastina necesarios para tener una piel m\u00e1s fina y tersa. La acupuntura&hellip;&nbsp;\" \/>\n<meta property=\"og:url\" content=\"https:\/\/nefer.es\/index.php\/lifting-facial-con-acupuntura\/\" \/>\n<meta property=\"og:site_name\" content=\"centre nefer\" \/>\n<meta property=\"article:modified_time\" content=\"2026-03-09T12:21:37+00:00\" \/>\n<meta property=\"og:image\" content=\"https:\/\/i0.wp.com\/centreisis.es\/wp-content\/uploads\/2022\/05\/Captura_acupuntura_cara.jpg?resize=412%2C276&amp;ssl=1\" \/>\n<meta name=\"twitter:card\" content=\"summary_large_image\" \/>\n<meta name=\"twitter:label1\" content=\"Tiempo de lectura\" \/>\n\t<meta name=\"twitter:data1\" content=\"2 minutos\" \/>\n<script type=\"application\/ld+json\" class=\"yoast-schema-graph\">{\"@context\":\"https:\\\/\\\/schema.org\",\"@graph\":[{\"@type\":\"WebPage\",\"@id\":\"https:\\\/\\\/nefer.es\\\/index.php\\\/lifting-facial-con-acupuntura\\\/\",\"url\":\"https:\\\/\\\/nefer.es\\\/index.php\\\/lifting-facial-con-acupuntura\\\/\",\"name\":\"Lifting Facial con Acupuntura - centre nefer\",\"isPartOf\":{\"@id\":\"https:\\\/\\\/nefer.es\\\/#website\"},\"primaryImageOfPage\":{\"@id\":\"https:\\\/\\\/nefer.es\\\/index.php\\\/lifting-facial-con-acupuntura\\\/#primaryimage\"},\"image\":{\"@id\":\"https:\\\/\\\/nefer.es\\\/index.php\\\/lifting-facial-con-acupuntura\\\/#primaryimage\"},\"thumbnailUrl\":\"https:\\\/\\\/i0.wp.com\\\/centreisis.es\\\/wp-content\\\/uploads\\\/2022\\\/05\\\/Captura_acupuntura_cara.jpg?resize=412%2C276&amp;ssl=1\",\"datePublished\":\"2026-03-06T12:03:44+00:00\",\"dateModified\":\"2026-03-09T12:21:37+00:00\",\"breadcrumb\":{\"@id\":\"https:\\\/\\\/nefer.es\\\/index.php\\\/lifting-facial-con-acupuntura\\\/#breadcrumb\"},\"inLanguage\":\"es\",\"potentialAction\":[{\"@type\":\"ReadAction\",\"target\":[\"https:\\\/\\\/nefer.es\\\/index.php\\\/lifting-facial-con-acupuntura\\\/\"]}]},{\"@type\":\"ImageObject\",\"inLanguage\":\"es\",\"@id\":\"https:\\\/\\\/nefer.es\\\/index.php\\\/lifting-facial-con-acupuntura\\\/#primaryimage\",\"url\":\"https:\\\/\\\/i0.wp.com\\\/centreisis.es\\\/wp-content\\\/uploads\\\/2022\\\/05\\\/Captura_acupuntura_cara.jpg?resize=412%2C276&amp;ssl=1\",\"contentUrl\":\"https:\\\/\\\/i0.wp.com\\\/centreisis.es\\\/wp-content\\\/uploads\\\/2022\\\/05\\\/Captura_acupuntura_cara.jpg?resize=412%2C276&amp;ssl=1\"},{\"@type\":\"BreadcrumbList\",\"@id\":\"https:\\\/\\\/nefer.es\\\/index.php\\\/lifting-facial-con-acupuntura\\\/#breadcrumb\",\"itemListElement\":[{\"@type\":\"ListItem\",\"position\":1,\"name\":\"Portada\",\"item\":\"https:\\\/\\\/nefer.es\\\/\"},{\"@type\":\"ListItem\",\"position\":2,\"name\":\"Lifting Facial con Acupuntura\"}]},{\"@type\":\"WebSite\",\"@id\":\"https:\\\/\\\/nefer.es\\\/#website\",\"url\":\"https:\\\/\\\/nefer.es\\\/\",\"name\":\"centre nefer\",\"description\":\"\",\"publisher\":{\"@id\":\"https:\\\/\\\/nefer.es\\\/#organization\"},\"potentialAction\":[{\"@type\":\"SearchAction\",\"target\":{\"@type\":\"EntryPoint\",\"urlTemplate\":\"https:\\\/\\\/nefer.es\\\/?s={search_term_string}\"},\"query-input\":{\"@type\":\"PropertyValueSpecification\",\"valueRequired\":true,\"valueName\":\"search_term_string\"}}],\"inLanguage\":\"es\"},{\"@type\":\"Organization\",\"@id\":\"https:\\\/\\\/nefer.es\\\/#organization\",\"name\":\"centre nefer\",\"url\":\"https:\\\/\\\/nefer.es\\\/\",\"logo\":{\"@type\":\"ImageObject\",\"inLanguage\":\"es\",\"@id\":\"https:\\\/\\\/nefer.es\\\/#\\\/schema\\\/logo\\\/image\\\/\",\"url\":\"https:\\\/\\\/nefer.es\\\/wp-content\\\/uploads\\\/2026\\\/03\\\/cropped-logo-isis-dual-natura-1.jpg\",\"contentUrl\":\"https:\\\/\\\/nefer.es\\\/wp-content\\\/uploads\\\/2026\\\/03\\\/cropped-logo-isis-dual-natura-1.jpg\",\"width\":711,\"height\":534,\"caption\":\"centre nefer\"},\"image\":{\"@id\":\"https:\\\/\\\/nefer.es\\\/#\\\/schema\\\/logo\\\/image\\\/\"}}]}<\/script>\n<!-- \/ Yoast SEO plugin. -->","yoast_head_json":{"title":"Lifting Facial con Acupuntura - centre nefer","robots":{"index":"index","follow":"follow","max-snippet":"max-snippet:-1","max-image-preview":"max-image-preview:large","max-video-preview":"max-video-preview:-1"},"canonical":"https:\/\/nefer.es\/index.php\/lifting-facial-con-acupuntura\/","og_locale":"es_ES","og_type":"article","og_title":"Lifting Facial con Acupuntura - centre nefer","og_description":"En qu\u00e9 consiste Es una terapia dise\u00f1ada para reducir, minimizar y corregir las arrugas que son evidencias visuales del envejecimiento. Es un tratamiento novedoso, efectivo y 100% natural. Este m\u00e9todo terap\u00e9utico puede regenerar las c\u00e9lulas del cutis, estimula la producci\u00f3n de col\u00e1geno y elastina necesarios para tener una piel m\u00e1s fina y tersa. La acupuntura&hellip;&nbsp;","og_url":"https:\/\/nefer.es\/index.php\/lifting-facial-con-acupuntura\/","og_site_name":"centre nefer","article_modified_time":"2026-03-09T12:21:37+00:00","og_image":[{"url":"https:\/\/i0.wp.com\/centreisis.es\/wp-content\/uploads\/2022\/05\/Captura_acupuntura_cara.jpg?resize=412%2C276&amp;ssl=1","type":"","width":"","height":""}],"twitter_card":"summary_large_image","twitter_misc":{"Tiempo de lectura":"2 minutos"},"schema":{"@context":"https:\/\/schema.org","@graph":[{"@type":"WebPage","@id":"https:\/\/nefer.es\/index.php\/lifting-facial-con-acupuntura\/","url":"https:\/\/nefer.es\/index.php\/lifting-facial-con-acupuntura\/","name":"Lifting Facial con Acupuntura - centre nefer","isPartOf":{"@id":"https:\/\/nefer.es\/#website"},"primaryImageOfPage":{"@id":"https:\/\/nefer.es\/index.php\/lifting-facial-con-acupuntura\/#primaryimage"},"image":{"@id":"https:\/\/nefer.es\/index.php\/lifting-facial-con-acupuntura\/#primaryimage"},"thumbnailUrl":"https:\/\/i0.wp.com\/centreisis.es\/wp-content\/uploads\/2022\/05\/Captura_acupuntura_cara.jpg?resize=412%2C276&amp;ssl=1","datePublished":"2026-03-06T12:03:44+00:00","dateModified":"2026-03-09T12:21:37+00:00","breadcrumb":{"@id":"https:\/\/nefer.es\/index.php\/lifting-facial-con-acupuntura\/#breadcrumb"},"inLanguage":"es","potentialAction":[{"@type":"ReadAction","target":["https:\/\/nefer.es\/index.php\/lifting-facial-con-acupuntura\/"]}]},{"@type":"ImageObject","inLanguage":"es","@id":"https:\/\/nefer.es\/index.php\/lifting-facial-con-acupuntura\/#primaryimage","url":"https:\/\/i0.wp.com\/centreisis.es\/wp-content\/uploads\/2022\/05\/Captura_acupuntura_cara.jpg?resize=412%2C276&amp;ssl=1","contentUrl":"https:\/\/i0.wp.com\/centreisis.es\/wp-content\/uploads\/2022\/05\/Captura_acupuntura_cara.jpg?resize=412%2C276&amp;ssl=1"},{"@type":"BreadcrumbList","@id":"https:\/\/nefer.es\/index.php\/lifting-facial-con-acupuntura\/#breadcrumb","itemListElement":[{"@type":"ListItem","position":1,"name":"Portada","item":"https:\/\/nefer.es\/"},{"@type":"ListItem","position":2,"name":"Lifting Facial con Acupuntura"}]},{"@type":"WebSite","@id":"https:\/\/nefer.es\/#website","url":"https:\/\/nefer.es\/","name":"centre nefer","description":"","publisher":{"@id":"https:\/\/nefer.es\/#organization"},"potentialAction":[{"@type":"SearchAction","target":{"@type":"EntryPoint","urlTemplate":"https:\/\/nefer.es\/?s={search_term_string}"},"query-input":{"@type":"PropertyValueSpecification","valueRequired":true,"valueName":"search_term_string"}}],"inLanguage":"es"},{"@type":"Organization","@id":"https:\/\/nefer.es\/#organization","name":"centre nefer","url":"https:\/\/nefer.es\/","logo":{"@type":"ImageObject","inLanguage":"es","@id":"https:\/\/nefer.es\/#\/schema\/logo\/image\/","url":"https:\/\/nefer.es\/wp-content\/uploads\/2026\/03\/cropped-logo-isis-dual-natura-1.jpg","contentUrl":"https:\/\/nefer.es\/wp-content\/uploads\/2026\/03\/cropped-logo-isis-dual-natura-1.jpg","width":711,"height":534,"caption":"centre nefer"},"image":{"@id":"https:\/\/nefer.es\/#\/schema\/logo\/image\/"}}]}},"jetpack_sharing_enabled":true,"_links":{"self":[{"href":"https:\/\/nefer.es\/index.php\/wp-json\/wp\/v2\/pages\/112","targetHints":{"allow":["GET"]}}],"collection":[{"href":"https:\/\/nefer.es\/index.php\/wp-json\/wp\/v2\/pages"}],"about":[{"href":"https:\/\/nefer.es\/index.php\/wp-json\/wp\/v2\/types\/page"}],"author":[{"embeddable":true,"href":"https:\/\/nefer.es\/index.php\/wp-json\/wp\/v2\/users\/1"}],"replies":[{"embeddable":true,"href":"https:\/\/nefer.es\/index.php\/wp-json\/wp\/v2\/comments?post=112"}],"version-history":[{"count":2,"href":"https:\/\/nefer.es\/index.php\/wp-json\/wp\/v2\/pages\/112\/revisions"}],"predecessor-version":[{"id":209,"href":"https:\/\/nefer.es\/index.php\/wp-json\/wp\/v2\/pages\/112\/revisions\/209"}],"wp:attachment":[{"href":"https:\/\/nefer.es\/index.php\/wp-json\/wp\/v2\/media?parent=112"}],"curies":[{"name":"wp","href":"https:\/\/api.w.org\/{rel}","templated":true}]}}

<div class="wp-block-image">
<figure class="aligncenter is-resized"><img decoding="async" src="https://i0.wp.com/centreisis.es/wp-content/uploads/2022/05/Captura_acupuntura_cara.jpg?resize=412%2C276&amp;ssl=1" alt="" class="wp-image-2238" style="aspect-ratio:1.492781520692974;width:380px;height:auto" title="Captura_acupuntura_cara"/></figure>
</div>


<h4 class="wp-block-heading has-text-align-center">En qué consiste</h4>



<p class="has-text-align-center">Es una terapia diseñada para reducir, minimizar y corregir las arrugas que son evidencias visuales del envejecimiento.</p>



<p class="has-text-align-center">Es un tratamiento novedoso, efectivo y 100% natural.</p>



<p class="has-text-align-center">Este método terapéutico puede regenerar las células del cutis, estimula la producción de colágeno y elastina necesarios para tener una piel más fina y tersa.</p>



<p class="has-text-align-center">La acupuntura impulsa armoniosamente la circulación sanguínea y la energía promueve todos los sistemas, la función de los fluidos, los tejidos y fibras corporales, para ayudar al fortalecimiento de los músculos faciales.</p>



<h4 class="wp-block-heading has-text-align-center">Beneficios</h4>



<p class="has-text-align-center">– Las agujas estimulan los nervios causando una contracción de la dermis.<br>– Los músculos faciales se recogen y se produce el estiramiento de la piel.<br>– Tiene un efecto drenante regulando la secreción de las glándulas sebáceas mejorando la elasticidad de la piel y evitando la obstrucción a nivel cutáneo, y ayuda a eliminar toxinas mejorando las condiciones patológicas proporcionando un aspecto más saludable en pieles castigadas por estrés.<br>– Incrementa la producción de colágeno y elastina reafirmando la piel y rellenando las arrugas.<br>– Reduce las líneas de expresión, bolsas en los ojos, cejas caídas, reduce papada, patas de gallo, etc.<br>– Mejora la flacidez muscular facial.<br>– Mejora la microcirculación sanguínea de la cara y, por lo tanto, la nutrición celular reavivando el brillo facial. El envejecimiento no es más que la falta de irrigación, este efecto es particularmente notable en la piel de la cara debido a la abundancia de vasos y nervios que posee.</p>



<p></p>



<p><br></p>



<p></p>

<p>En qué consiste Es una terapia diseñada para reducir, minimizar y corregir las arrugas que son evidencias visuales del envejecimiento. Es un tratamiento novedoso, efectivo y 100% natural. Este método terapéutico puede regenerar las células del cutis, estimula la producción de colágeno y elastina necesarios para tener una piel más fina y tersa. La acupuntura&hellip;&nbsp;</p>

<!-- This site is optimized with the Yoast SEO plugin v27.5 - https://yoast.com/product/yoast-seo-wordpress/ -->
<title>Lifting Facial con Acupuntura - centre nefer</title>
<meta name="robots" content="index, follow, max-snippet:-1, max-image-preview:large, max-video-preview:-1" />
<link rel="canonical" href="https://nefer.es/index.php/lifting-facial-con-acupuntura/" />
<meta property="og:locale" content="es_ES" />
<meta property="og:type" content="article" />
<meta property="og:title" content="Lifting Facial con Acupuntura - centre nefer" />
<meta property="og:description" content="En qué consiste Es una terapia diseñada para reducir, minimizar y corregir las arrugas que son evidencias visuales del envejecimiento. Es un tratamiento novedoso, efectivo y 100% natural. Este método terapéutico puede regenerar las células del cutis, estimula la producción de colágeno y elastina necesarios para tener una piel más fina y tersa. La acupuntura&hellip;&nbsp;" />
<meta property="og:url" content="https://nefer.es/index.php/lifting-facial-con-acupuntura/" />
<meta property="og:site_name" content="centre nefer" />
<meta property="article:modified_time" content="2026-03-09T12:21:37+00:00" />
<meta property="og:image" content="https://i0.wp.com/centreisis.es/wp-content/uploads/2022/05/Captura_acupuntura_cara.jpg?resize=412%2C276&amp;ssl=1" />
<meta name="twitter:card" content="summary_large_image" />
<meta name="twitter:label1" content="Tiempo de lectura" />
	<meta name="twitter:data1" content="2 minutos" />
<script type="application/ld+json" class="yoast-schema-graph">{"@context":"https:\/\/schema.org","@graph":[{"@type":"WebPage","@id":"https:\/\/nefer.es\/index.php\/lifting-facial-con-acupuntura\/","url":"https:\/\/nefer.es\/index.php\/lifting-facial-con-acupuntura\/","name":"Lifting Facial con Acupuntura - centre nefer","isPartOf":{"@id":"https:\/\/nefer.es\/#website"},"primaryImageOfPage":{"@id":"https:\/\/nefer.es\/index.php\/lifting-facial-con-acupuntura\/#primaryimage"},"image":{"@id":"https:\/\/nefer.es\/index.php\/lifting-facial-con-acupuntura\/#primaryimage"},"thumbnailUrl":"https:\/\/i0.wp.com\/centreisis.es\/wp-content\/uploads\/2022\/05\/Captura_acupuntura_cara.jpg?resize=412%2C276&amp;ssl=1","datePublished":"2026-03-06T12:03:44+00:00","dateModified":"2026-03-09T12:21:37+00:00","breadcrumb":{"@id":"https:\/\/nefer.es\/index.php\/lifting-facial-con-acupuntura\/#breadcrumb"},"inLanguage":"es","potentialAction":[{"@type":"ReadAction","target":["https:\/\/nefer.es\/index.php\/lifting-facial-con-acupuntura\/"]}]},{"@type":"ImageObject","inLanguage":"es","@id":"https:\/\/nefer.es\/index.php\/lifting-facial-con-acupuntura\/#primaryimage","url":"https:\/\/i0.wp.com\/centreisis.es\/wp-content\/uploads\/2022\/05\/Captura_acupuntura_cara.jpg?resize=412%2C276&amp;ssl=1","contentUrl":"https:\/\/i0.wp.com\/centreisis.es\/wp-content\/uploads\/2022\/05\/Captura_acupuntura_cara.jpg?resize=412%2C276&amp;ssl=1"},{"@type":"BreadcrumbList","@id":"https:\/\/nefer.es\/index.php\/lifting-facial-con-acupuntura\/#breadcrumb","itemListElement":[{"@type":"ListItem","position":1,"name":"Portada","item":"https:\/\/nefer.es\/"},{"@type":"ListItem","position":2,"name":"Lifting Facial con Acupuntura"}]},{"@type":"WebSite","@id":"https:\/\/nefer.es\/#website","url":"https:\/\/nefer.es\/","name":"centre nefer","description":"","publisher":{"@id":"https:\/\/nefer.es\/#organization"},"potentialAction":[{"@type":"SearchAction","target":{"@type":"EntryPoint","urlTemplate":"https:\/\/nefer.es\/?s={search_term_string}"},"query-input":{"@type":"PropertyValueSpecification","valueRequired":true,"valueName":"search_term_string"}}],"inLanguage":"es"},{"@type":"Organization","@id":"https:\/\/nefer.es\/#organization","name":"centre nefer","url":"https:\/\/nefer.es\/","logo":{"@type":"ImageObject","inLanguage":"es","@id":"https:\/\/nefer.es\/#\/schema\/logo\/image\/","url":"https:\/\/nefer.es\/wp-content\/uploads\/2026\/03\/cropped-logo-isis-dual-natura-1.jpg","contentUrl":"https:\/\/nefer.es\/wp-content\/uploads\/2026\/03\/cropped-logo-isis-dual-natura-1.jpg","width":711,"height":534,"caption":"centre nefer"},"image":{"@id":"https:\/\/nefer.es\/#\/schema\/logo\/image\/"}}]}</script>
<!-- / Yoast SEO plugin. -->

En qué consiste Es una terapia diseñada para reducir, minimizar y corregir las arrugas que son evidencias visuales del envejecimiento. Es un tratamiento novedoso, efectivo y 100% natural. Este método terapéutico puede regenerar las células del cutis, estimula la producción de colágeno y elastina necesarios para tener una piel más fina y tersa. La acupuntura&hellip;&nbsp;
