{"id":114,"date":"2026-03-06T12:05:20","date_gmt":"2026-03-06T12:05:20","guid":{"rendered":"https:\/\/centreisis.com\/?page_id=114"},"modified":"2026-03-30T14:33:24","modified_gmt":"2026-03-30T14:33:24","slug":"biocalm","status":"publish","type":"page","link":"https:\/\/nefer.es\/index.php\/biocalm\/","title":{"rendered":"Biocalm"},"content":{"rendered":"<div class=\"wp-block-image\">\n<figure class=\"aligncenter size-full is-resized\"><img loading=\"lazy\" decoding=\"async\" width=\"1024\" height=\"559\" src=\"https:\/\/nefer.es\/wp-content\/uploads\/2026\/03\/image-12.png\" alt=\"\" class=\"wp-image-487\" style=\"aspect-ratio:1.8319179618650858;width:434px;height:auto\" srcset=\"https:\/\/nefer.es\/wp-content\/uploads\/2026\/03\/image-12.png 1024w, https:\/\/nefer.es\/wp-content\/uploads\/2026\/03\/image-12-300x164.png 300w, https:\/\/nefer.es\/wp-content\/uploads\/2026\/03\/image-12-768x419.png 768w\" sizes=\"auto, (max-width: 1024px) 100vw, 1024px\" \/><\/figure>\n<\/div>\n\n\n<h4 class=\"wp-block-heading has-text-align-center\">En qu\u00e9 consiste<\/h4>\n\n\n\n<p class=\"has-text-align-center\">Exclusivo tratamiento que calma, depura y elimina las rojeces en pieles con problemas de sensibilidad, calor, exceso de sudoraci\u00f3n y rojeces.<\/p>\n\n\n\n<p class=\"has-text-align-center\">Los rostros volver\u00e1n a lucir un cutis blanco, sedoso, porcel\u00e1nico y radiante.<\/p>\n\n\n\n<p class=\"has-text-align-center\">Lujoso tratamiento con un ritual de masajes con pinceles. Sentir\u00e1s la suave caricia de un producto dermocalmante, que adem\u00e1s, fortalece tus capilares y regula la temperatura de tu piel.<\/p>\n","protected":false},"excerpt":{"rendered":"<p>En qu\u00e9 consiste Exclusivo tratamiento que calma, depura y elimina las rojeces en pieles con problemas de sensibilidad, calor, exceso de sudoraci\u00f3n y rojeces. Los rostros volver\u00e1n a lucir un cutis blanco, sedoso, porcel\u00e1nico y radiante. Lujoso tratamiento con un ritual de masajes con pinceles. Sentir\u00e1s la suave caricia de un producto dermocalmante, que adem\u00e1s,&hellip;&nbsp;<\/p>\n","protected":false},"author":1,"featured_media":0,"parent":0,"menu_order":0,"comment_status":"closed","ping_status":"closed","template":"","meta":{"neve_meta_sidebar":"","neve_meta_container":"","neve_meta_enable_content_width":"","neve_meta_content_width":0,"neve_meta_title_alignment":"","neve_meta_author_avatar":"","neve_post_elements_order":"","neve_meta_disable_header":"","neve_meta_disable_footer":"","neve_meta_disable_title":"","footnotes":""},"class_list":["post-114","page","type-page","status-publish","hentry"],"yoast_head":"<!-- This site is optimized with the Yoast SEO plugin v27.5 - https:\/\/yoast.com\/product\/yoast-seo-wordpress\/ -->\n<title>Biocalm - centre nefer<\/title>\n<meta name=\"robots\" content=\"index, follow, max-snippet:-1, max-image-preview:large, max-video-preview:-1\" \/>\n<link rel=\"canonical\" href=\"https:\/\/nefer.es\/index.php\/biocalm\/\" \/>\n<meta property=\"og:locale\" content=\"es_ES\" \/>\n<meta property=\"og:type\" content=\"article\" \/>\n<meta property=\"og:title\" content=\"Biocalm - centre nefer\" \/>\n<meta property=\"og:description\" content=\"En qu\u00e9 consiste Exclusivo tratamiento que calma, depura y elimina las rojeces en pieles con problemas de sensibilidad, calor, exceso de sudoraci\u00f3n y rojeces. Los rostros volver\u00e1n a lucir un cutis blanco, sedoso, porcel\u00e1nico y radiante. Lujoso tratamiento con un ritual de masajes con pinceles. Sentir\u00e1s la suave caricia de un producto dermocalmante, que adem\u00e1s,&hellip;&nbsp;\" \/>\n<meta property=\"og:url\" content=\"https:\/\/nefer.es\/index.php\/biocalm\/\" \/>\n<meta property=\"og:site_name\" content=\"centre nefer\" \/>\n<meta property=\"article:modified_time\" content=\"2026-03-30T14:33:24+00:00\" \/>\n<meta property=\"og:image\" content=\"https:\/\/nefer.es\/wp-content\/uploads\/2026\/03\/image-12.png\" \/>\n\t<meta property=\"og:image:width\" content=\"1024\" \/>\n\t<meta property=\"og:image:height\" content=\"559\" \/>\n\t<meta property=\"og:image:type\" content=\"image\/png\" \/>\n<meta name=\"twitter:card\" content=\"summary_large_image\" \/>\n<meta name=\"twitter:label1\" content=\"Tiempo de lectura\" \/>\n\t<meta name=\"twitter:data1\" content=\"1 minuto\" \/>\n<script type=\"application\/ld+json\" class=\"yoast-schema-graph\">{\"@context\":\"https:\\\/\\\/schema.org\",\"@graph\":[{\"@type\":\"WebPage\",\"@id\":\"https:\\\/\\\/nefer.es\\\/index.php\\\/biocalm\\\/\",\"url\":\"https:\\\/\\\/nefer.es\\\/index.php\\\/biocalm\\\/\",\"name\":\"Biocalm - centre nefer\",\"isPartOf\":{\"@id\":\"https:\\\/\\\/nefer.es\\\/#website\"},\"primaryImageOfPage\":{\"@id\":\"https:\\\/\\\/nefer.es\\\/index.php\\\/biocalm\\\/#primaryimage\"},\"image\":{\"@id\":\"https:\\\/\\\/nefer.es\\\/index.php\\\/biocalm\\\/#primaryimage\"},\"thumbnailUrl\":\"https:\\\/\\\/nefer.es\\\/wp-content\\\/uploads\\\/2026\\\/03\\\/image-12.png\",\"datePublished\":\"2026-03-06T12:05:20+00:00\",\"dateModified\":\"2026-03-30T14:33:24+00:00\",\"breadcrumb\":{\"@id\":\"https:\\\/\\\/nefer.es\\\/index.php\\\/biocalm\\\/#breadcrumb\"},\"inLanguage\":\"es\",\"potentialAction\":[{\"@type\":\"ReadAction\",\"target\":[\"https:\\\/\\\/nefer.es\\\/index.php\\\/biocalm\\\/\"]}]},{\"@type\":\"ImageObject\",\"inLanguage\":\"es\",\"@id\":\"https:\\\/\\\/nefer.es\\\/index.php\\\/biocalm\\\/#primaryimage\",\"url\":\"https:\\\/\\\/nefer.es\\\/wp-content\\\/uploads\\\/2026\\\/03\\\/image-12.png\",\"contentUrl\":\"https:\\\/\\\/nefer.es\\\/wp-content\\\/uploads\\\/2026\\\/03\\\/image-12.png\",\"width\":1024,\"height\":559},{\"@type\":\"BreadcrumbList\",\"@id\":\"https:\\\/\\\/nefer.es\\\/index.php\\\/biocalm\\\/#breadcrumb\",\"itemListElement\":[{\"@type\":\"ListItem\",\"position\":1,\"name\":\"Portada\",\"item\":\"https:\\\/\\\/nefer.es\\\/\"},{\"@type\":\"ListItem\",\"position\":2,\"name\":\"Biocalm\"}]},{\"@type\":\"WebSite\",\"@id\":\"https:\\\/\\\/nefer.es\\\/#website\",\"url\":\"https:\\\/\\\/nefer.es\\\/\",\"name\":\"centre nefer\",\"description\":\"\",\"publisher\":{\"@id\":\"https:\\\/\\\/nefer.es\\\/#organization\"},\"potentialAction\":[{\"@type\":\"SearchAction\",\"target\":{\"@type\":\"EntryPoint\",\"urlTemplate\":\"https:\\\/\\\/nefer.es\\\/?s={search_term_string}\"},\"query-input\":{\"@type\":\"PropertyValueSpecification\",\"valueRequired\":true,\"valueName\":\"search_term_string\"}}],\"inLanguage\":\"es\"},{\"@type\":\"Organization\",\"@id\":\"https:\\\/\\\/nefer.es\\\/#organization\",\"name\":\"centre nefer\",\"url\":\"https:\\\/\\\/nefer.es\\\/\",\"logo\":{\"@type\":\"ImageObject\",\"inLanguage\":\"es\",\"@id\":\"https:\\\/\\\/nefer.es\\\/#\\\/schema\\\/logo\\\/image\\\/\",\"url\":\"https:\\\/\\\/nefer.es\\\/wp-content\\\/uploads\\\/2026\\\/03\\\/cropped-logo-isis-dual-natura-1.jpg\",\"contentUrl\":\"https:\\\/\\\/nefer.es\\\/wp-content\\\/uploads\\\/2026\\\/03\\\/cropped-logo-isis-dual-natura-1.jpg\",\"width\":711,\"height\":534,\"caption\":\"centre nefer\"},\"image\":{\"@id\":\"https:\\\/\\\/nefer.es\\\/#\\\/schema\\\/logo\\\/image\\\/\"}}]}<\/script>\n<!-- \/ Yoast SEO plugin. -->","yoast_head_json":{"title":"Biocalm - centre nefer","robots":{"index":"index","follow":"follow","max-snippet":"max-snippet:-1","max-image-preview":"max-image-preview:large","max-video-preview":"max-video-preview:-1"},"canonical":"https:\/\/nefer.es\/index.php\/biocalm\/","og_locale":"es_ES","og_type":"article","og_title":"Biocalm - centre nefer","og_description":"En qu\u00e9 consiste Exclusivo tratamiento que calma, depura y elimina las rojeces en pieles con problemas de sensibilidad, calor, exceso de sudoraci\u00f3n y rojeces. Los rostros volver\u00e1n a lucir un cutis blanco, sedoso, porcel\u00e1nico y radiante. Lujoso tratamiento con un ritual de masajes con pinceles. Sentir\u00e1s la suave caricia de un producto dermocalmante, que adem\u00e1s,&hellip;&nbsp;","og_url":"https:\/\/nefer.es\/index.php\/biocalm\/","og_site_name":"centre nefer","article_modified_time":"2026-03-30T14:33:24+00:00","og_image":[{"width":1024,"height":559,"url":"https:\/\/nefer.es\/wp-content\/uploads\/2026\/03\/image-12.png","type":"image\/png"}],"twitter_card":"summary_large_image","twitter_misc":{"Tiempo de lectura":"1 minuto"},"schema":{"@context":"https:\/\/schema.org","@graph":[{"@type":"WebPage","@id":"https:\/\/nefer.es\/index.php\/biocalm\/","url":"https:\/\/nefer.es\/index.php\/biocalm\/","name":"Biocalm - centre nefer","isPartOf":{"@id":"https:\/\/nefer.es\/#website"},"primaryImageOfPage":{"@id":"https:\/\/nefer.es\/index.php\/biocalm\/#primaryimage"},"image":{"@id":"https:\/\/nefer.es\/index.php\/biocalm\/#primaryimage"},"thumbnailUrl":"https:\/\/nefer.es\/wp-content\/uploads\/2026\/03\/image-12.png","datePublished":"2026-03-06T12:05:20+00:00","dateModified":"2026-03-30T14:33:24+00:00","breadcrumb":{"@id":"https:\/\/nefer.es\/index.php\/biocalm\/#breadcrumb"},"inLanguage":"es","potentialAction":[{"@type":"ReadAction","target":["https:\/\/nefer.es\/index.php\/biocalm\/"]}]},{"@type":"ImageObject","inLanguage":"es","@id":"https:\/\/nefer.es\/index.php\/biocalm\/#primaryimage","url":"https:\/\/nefer.es\/wp-content\/uploads\/2026\/03\/image-12.png","contentUrl":"https:\/\/nefer.es\/wp-content\/uploads\/2026\/03\/image-12.png","width":1024,"height":559},{"@type":"BreadcrumbList","@id":"https:\/\/nefer.es\/index.php\/biocalm\/#breadcrumb","itemListElement":[{"@type":"ListItem","position":1,"name":"Portada","item":"https:\/\/nefer.es\/"},{"@type":"ListItem","position":2,"name":"Biocalm"}]},{"@type":"WebSite","@id":"https:\/\/nefer.es\/#website","url":"https:\/\/nefer.es\/","name":"centre nefer","description":"","publisher":{"@id":"https:\/\/nefer.es\/#organization"},"potentialAction":[{"@type":"SearchAction","target":{"@type":"EntryPoint","urlTemplate":"https:\/\/nefer.es\/?s={search_term_string}"},"query-input":{"@type":"PropertyValueSpecification","valueRequired":true,"valueName":"search_term_string"}}],"inLanguage":"es"},{"@type":"Organization","@id":"https:\/\/nefer.es\/#organization","name":"centre nefer","url":"https:\/\/nefer.es\/","logo":{"@type":"ImageObject","inLanguage":"es","@id":"https:\/\/nefer.es\/#\/schema\/logo\/image\/","url":"https:\/\/nefer.es\/wp-content\/uploads\/2026\/03\/cropped-logo-isis-dual-natura-1.jpg","contentUrl":"https:\/\/nefer.es\/wp-content\/uploads\/2026\/03\/cropped-logo-isis-dual-natura-1.jpg","width":711,"height":534,"caption":"centre nefer"},"image":{"@id":"https:\/\/nefer.es\/#\/schema\/logo\/image\/"}}]}},"jetpack_sharing_enabled":true,"_links":{"self":[{"href":"https:\/\/nefer.es\/index.php\/wp-json\/wp\/v2\/pages\/114","targetHints":{"allow":["GET"]}}],"collection":[{"href":"https:\/\/nefer.es\/index.php\/wp-json\/wp\/v2\/pages"}],"about":[{"href":"https:\/\/nefer.es\/index.php\/wp-json\/wp\/v2\/types\/page"}],"author":[{"embeddable":true,"href":"https:\/\/nefer.es\/index.php\/wp-json\/wp\/v2\/users\/1"}],"replies":[{"embeddable":true,"href":"https:\/\/nefer.es\/index.php\/wp-json\/wp\/v2\/comments?post=114"}],"version-history":[{"count":3,"href":"https:\/\/nefer.es\/index.php\/wp-json\/wp\/v2\/pages\/114\/revisions"}],"predecessor-version":[{"id":489,"href":"https:\/\/nefer.es\/index.php\/wp-json\/wp\/v2\/pages\/114\/revisions\/489"}],"wp:attachment":[{"href":"https:\/\/nefer.es\/index.php\/wp-json\/wp\/v2\/media?parent=114"}],"curies":[{"name":"wp","href":"https:\/\/api.w.org\/{rel}","templated":true}]}}

<div class="wp-block-image">
<figure class="aligncenter size-full is-resized"><img loading="lazy" decoding="async" width="1024" height="559" src="https://nefer.es/wp-content/uploads/2026/03/image-12.png" alt="" class="wp-image-487" style="aspect-ratio:1.8319179618650858;width:434px;height:auto" srcset="https://nefer.es/wp-content/uploads/2026/03/image-12.png 1024w, https://nefer.es/wp-content/uploads/2026/03/image-12-300x164.png 300w, https://nefer.es/wp-content/uploads/2026/03/image-12-768x419.png 768w" sizes="auto, (max-width: 1024px) 100vw, 1024px" /></figure>
</div>


<h4 class="wp-block-heading has-text-align-center">En qué consiste</h4>



<p class="has-text-align-center">Exclusivo tratamiento que calma, depura y elimina las rojeces en pieles con problemas de sensibilidad, calor, exceso de sudoración y rojeces.</p>



<p class="has-text-align-center">Los rostros volverán a lucir un cutis blanco, sedoso, porcelánico y radiante.</p>



<p class="has-text-align-center">Lujoso tratamiento con un ritual de masajes con pinceles. Sentirás la suave caricia de un producto dermocalmante, que además, fortalece tus capilares y regula la temperatura de tu piel.</p>

<p>En qué consiste Exclusivo tratamiento que calma, depura y elimina las rojeces en pieles con problemas de sensibilidad, calor, exceso de sudoración y rojeces. Los rostros volverán a lucir un cutis blanco, sedoso, porcelánico y radiante. Lujoso tratamiento con un ritual de masajes con pinceles. Sentirás la suave caricia de un producto dermocalmante, que además,&hellip;&nbsp;</p>

<!-- This site is optimized with the Yoast SEO plugin v27.5 - https://yoast.com/product/yoast-seo-wordpress/ -->
<title>Biocalm - centre nefer</title>
<meta name="robots" content="index, follow, max-snippet:-1, max-image-preview:large, max-video-preview:-1" />
<link rel="canonical" href="https://nefer.es/index.php/biocalm/" />
<meta property="og:locale" content="es_ES" />
<meta property="og:type" content="article" />
<meta property="og:title" content="Biocalm - centre nefer" />
<meta property="og:description" content="En qué consiste Exclusivo tratamiento que calma, depura y elimina las rojeces en pieles con problemas de sensibilidad, calor, exceso de sudoración y rojeces. Los rostros volverán a lucir un cutis blanco, sedoso, porcelánico y radiante. Lujoso tratamiento con un ritual de masajes con pinceles. Sentirás la suave caricia de un producto dermocalmante, que además,&hellip;&nbsp;" />
<meta property="og:url" content="https://nefer.es/index.php/biocalm/" />
<meta property="og:site_name" content="centre nefer" />
<meta property="article:modified_time" content="2026-03-30T14:33:24+00:00" />
<meta property="og:image" content="https://nefer.es/wp-content/uploads/2026/03/image-12.png" />
	<meta property="og:image:width" content="1024" />
	<meta property="og:image:height" content="559" />
	<meta property="og:image:type" content="image/png" />
<meta name="twitter:card" content="summary_large_image" />
<meta name="twitter:label1" content="Tiempo de lectura" />
	<meta name="twitter:data1" content="1 minuto" />
<script type="application/ld+json" class="yoast-schema-graph">{"@context":"https:\/\/schema.org","@graph":[{"@type":"WebPage","@id":"https:\/\/nefer.es\/index.php\/biocalm\/","url":"https:\/\/nefer.es\/index.php\/biocalm\/","name":"Biocalm - centre nefer","isPartOf":{"@id":"https:\/\/nefer.es\/#website"},"primaryImageOfPage":{"@id":"https:\/\/nefer.es\/index.php\/biocalm\/#primaryimage"},"image":{"@id":"https:\/\/nefer.es\/index.php\/biocalm\/#primaryimage"},"thumbnailUrl":"https:\/\/nefer.es\/wp-content\/uploads\/2026\/03\/image-12.png","datePublished":"2026-03-06T12:05:20+00:00","dateModified":"2026-03-30T14:33:24+00:00","breadcrumb":{"@id":"https:\/\/nefer.es\/index.php\/biocalm\/#breadcrumb"},"inLanguage":"es","potentialAction":[{"@type":"ReadAction","target":["https:\/\/nefer.es\/index.php\/biocalm\/"]}]},{"@type":"ImageObject","inLanguage":"es","@id":"https:\/\/nefer.es\/index.php\/biocalm\/#primaryimage","url":"https:\/\/nefer.es\/wp-content\/uploads\/2026\/03\/image-12.png","contentUrl":"https:\/\/nefer.es\/wp-content\/uploads\/2026\/03\/image-12.png","width":1024,"height":559},{"@type":"BreadcrumbList","@id":"https:\/\/nefer.es\/index.php\/biocalm\/#breadcrumb","itemListElement":[{"@type":"ListItem","position":1,"name":"Portada","item":"https:\/\/nefer.es\/"},{"@type":"ListItem","position":2,"name":"Biocalm"}]},{"@type":"WebSite","@id":"https:\/\/nefer.es\/#website","url":"https:\/\/nefer.es\/","name":"centre nefer","description":"","publisher":{"@id":"https:\/\/nefer.es\/#organization"},"potentialAction":[{"@type":"SearchAction","target":{"@type":"EntryPoint","urlTemplate":"https:\/\/nefer.es\/?s={search_term_string}"},"query-input":{"@type":"PropertyValueSpecification","valueRequired":true,"valueName":"search_term_string"}}],"inLanguage":"es"},{"@type":"Organization","@id":"https:\/\/nefer.es\/#organization","name":"centre nefer","url":"https:\/\/nefer.es\/","logo":{"@type":"ImageObject","inLanguage":"es","@id":"https:\/\/nefer.es\/#\/schema\/logo\/image\/","url":"https:\/\/nefer.es\/wp-content\/uploads\/2026\/03\/cropped-logo-isis-dual-natura-1.jpg","contentUrl":"https:\/\/nefer.es\/wp-content\/uploads\/2026\/03\/cropped-logo-isis-dual-natura-1.jpg","width":711,"height":534,"caption":"centre nefer"},"image":{"@id":"https:\/\/nefer.es\/#\/schema\/logo\/image\/"}}]}</script>
<!-- / Yoast SEO plugin. -->

En qué consiste Exclusivo tratamiento que calma, depura y elimina las rojeces en pieles con problemas de sensibilidad, calor, exceso de sudoración y rojeces. Los rostros volverán a lucir un cutis blanco, sedoso, porcelánico y radiante. Lujoso tratamiento con un ritual de masajes con pinceles. Sentirás la suave caricia de un producto dermocalmante, que además,&hellip;&nbsp;
