{"id":151,"date":"2026-03-06T17:05:53","date_gmt":"2026-03-06T17:05:53","guid":{"rendered":"https:\/\/centreisis.com\/?page_id=151"},"modified":"2026-03-30T08:15:33","modified_gmt":"2026-03-30T08:15:33","slug":"inicio","status":"publish","type":"page","link":"https:\/\/nefer.es\/","title":{"rendered":""},"content":{"rendered":"\n<h2 class=\"wp-block-heading\">Bienvenid@s a<\/h2>\n\n\n\n<h1 class=\"wp-block-heading has-text-align-center\">CENTRE NEFER<\/h1>\n\n\n<div id=\"metaslider-id-282\" style=\"max-width: 689px; margin: 0 auto;\" class=\"ml-slider-3-107-0 metaslider metaslider-flex metaslider-282 ml-slider has-dots-nav ms-theme-default-base\" role=\"region\" aria-label=\"Nueva presentaci\u00f3n de diapositivas\" data-height=\"291\" data-width=\"689\">\n    <div id=\"metaslider_container_282\">\n        <div id=\"metaslider_282\">\n            <ul aria-live='off' class='slides'>\n                <li style=\"display: block; width: 100%;\" class=\"slide-283 ms-image \" aria-roledescription=\"slide\" data-date=\"2026-03-10 21:28:25\" data-filename=\"banner-slider-web-1-689x291.jpg\" data-slide-type=\"image\"><img loading=\"lazy\" decoding=\"async\" src=\"https:\/\/nefer.es\/wp-content\/uploads\/2026\/03\/banner-slider-web-1-689x291.jpg\" height=\"291\" width=\"689\" alt=\"\" class=\"slider-282 slide-283 msDefaultImage\" title=\"banner slider web 1\" \/><\/li>\n                <li style=\"display: none; width: 100%;\" class=\"slide-284 ms-image \" aria-roledescription=\"slide\" data-date=\"2026-03-10 21:28:25\" data-filename=\"banner-slider-web6-689x291.jpg\" data-slide-type=\"image\"><img loading=\"lazy\" decoding=\"async\" src=\"https:\/\/nefer.es\/wp-content\/uploads\/2026\/03\/banner-slider-web6-689x291.jpg\" height=\"291\" width=\"689\" alt=\"\" class=\"slider-282 slide-284 msDefaultImage\" title=\"banner slider web6\" \/><\/li>\n                <li style=\"display: none; width: 100%;\" class=\"slide-285 ms-image \" aria-roledescription=\"slide\" data-date=\"2026-03-10 21:28:25\" data-filename=\"banner-slider-web4-689x291.jpg\" data-slide-type=\"image\"><img loading=\"lazy\" decoding=\"async\" src=\"https:\/\/nefer.es\/wp-content\/uploads\/2026\/03\/banner-slider-web4-689x291.jpg\" height=\"291\" width=\"689\" alt=\"\" class=\"slider-282 slide-285 msDefaultImage\" title=\"banner slider web4\" \/><\/li>\n                <li style=\"display: none; width: 100%;\" class=\"slide-286 ms-image \" aria-roledescription=\"slide\" data-date=\"2026-03-10 21:28:25\" data-filename=\"banner-slider-web3-689x291.jpg\" data-slide-type=\"image\"><img loading=\"lazy\" decoding=\"async\" src=\"https:\/\/nefer.es\/wp-content\/uploads\/2026\/03\/banner-slider-web3-689x291.jpg\" height=\"291\" width=\"689\" alt=\"\" class=\"slider-282 slide-286 msDefaultImage\" title=\"banner slider web3\" \/><\/li>\n                <li style=\"display: none; width: 100%;\" class=\"slide-287 ms-image \" aria-roledescription=\"slide\" data-date=\"2026-03-10 21:28:25\" data-filename=\"banner-slider-web2-689x291.jpg\" data-slide-type=\"image\"><img loading=\"lazy\" decoding=\"async\" src=\"https:\/\/nefer.es\/wp-content\/uploads\/2026\/03\/banner-slider-web2-689x291.jpg\" height=\"291\" width=\"689\" alt=\"\" class=\"slider-282 slide-287 msDefaultImage\" title=\"banner slider web2\" \/><\/li>\n                <li style=\"display: none; width: 100%;\" class=\"slide-288 ms-image \" aria-roledescription=\"slide\" data-date=\"2026-03-10 21:28:25\" data-filename=\"banner2-689x291.jpg\" data-slide-type=\"image\"><img loading=\"lazy\" decoding=\"async\" src=\"https:\/\/nefer.es\/wp-content\/uploads\/2026\/03\/banner2-689x291.jpg\" height=\"291\" width=\"689\" alt=\"\" class=\"slider-282 slide-288 msDefaultImage\" title=\"banner2\" \/><\/li>\n                <li style=\"display: none; width: 100%;\" class=\"slide-289 ms-image \" aria-roledescription=\"slide\" data-date=\"2026-03-10 21:28:25\" data-filename=\"banner5-689x291.jpg\" data-slide-type=\"image\"><img loading=\"lazy\" decoding=\"async\" src=\"https:\/\/nefer.es\/wp-content\/uploads\/2026\/03\/banner5-689x291.jpg\" height=\"291\" width=\"689\" alt=\"\" class=\"slider-282 slide-289 msDefaultImage\" title=\"banner5\" \/><\/li>\n                <li style=\"display: none; width: 100%;\" class=\"slide-290 ms-image \" aria-roledescription=\"slide\" data-date=\"2026-03-10 21:28:25\" data-filename=\"fito-689x291.jpg\" data-slide-type=\"image\"><img loading=\"lazy\" decoding=\"async\" src=\"https:\/\/nefer.es\/wp-content\/uploads\/2026\/03\/fito-689x291.jpg\" height=\"291\" width=\"689\" alt=\"\" class=\"slider-282 slide-290 msDefaultImage\" title=\"fito\" \/><\/li>\n                <li style=\"display: none; width: 100%;\" class=\"slide-291 ms-image \" aria-roledescription=\"slide\" data-date=\"2026-03-10 21:28:25\" data-filename=\"banner4-689x291.jpg\" data-slide-type=\"image\"><img loading=\"lazy\" decoding=\"async\" src=\"https:\/\/nefer.es\/wp-content\/uploads\/2026\/03\/banner4-689x291.jpg\" height=\"291\" width=\"689\" alt=\"\" class=\"slider-282 slide-291 msDefaultImage\" title=\"banner4\" \/><\/li>\n            <\/ul>\n        <\/div>\n        \n    <\/div>\n<\/div>\n\n\n\n<h2 class=\"wp-block-heading has-text-align-center\">Donde sentirse bien y verte mejor es posible<\/h2>\n\n\n\n<p class=\"has-text-align-center\"><\/p>\n\n\n\n<p class=\"has-text-align-center\"><\/p>\n\n\n\n<p class=\"has-text-align-center\">Expertos en tratamientos corporales y faciales, aparatolog\u00eda y terapias naturales, con una amplia carta para hacer que t\u00fa experiencia sea \u00fanica.<\/p>\n\n\n\n<h4 class=\"wp-block-heading has-text-align-center\">Conoce nuestros servicios<\/h4>\n\n\n\n<hr class=\"wp-block-separator has-alpha-channel-opacity\"\/>\n\n\n\n<h2 class=\"wp-block-heading has-text-align-center\"><strong><mark style=\"background-color:rgba(0, 0, 0, 0)\" class=\"has-inline-color has-luminous-vivid-orange-color\">Tratamientos de Belleza<\/mark><\/strong><\/h2>\n\n\n<div class=\"wp-block-image\">\n<figure class=\"aligncenter size-full is-resized\"><img loading=\"lazy\" decoding=\"async\" width=\"325\" height=\"223\" src=\"https:\/\/centreisis.com\/wp-content\/uploads\/2026\/03\/image-2.png\" alt=\"\" class=\"wp-image-156\" style=\"aspect-ratio:1.457501226263051;width:270px;height:auto\" srcset=\"https:\/\/nefer.es\/wp-content\/uploads\/2026\/03\/image-2.png 325w, https:\/\/nefer.es\/wp-content\/uploads\/2026\/03\/image-2-300x206.png 300w\" sizes=\"auto, (max-width: 325px) 100vw, 325px\" \/><\/figure>\n<\/div>\n\n\n<p class=\"has-text-align-center\"><\/p>\n\n\n\n<p class=\"has-text-align-center\">El sello distintivo de nuestro Centro es la&nbsp;continua formaci\u00f3n&nbsp;de nuestras profesionales, junto con el uso de&nbsp;productos de \u00faltima generaci\u00f3n&nbsp;presentes en el mercado.<\/p>\n\n\n\n<p class=\"has-text-align-center\">Esto hace que nuestros tratamientos sean&nbsp;exclusivos&nbsp;y&nbsp;\u00fanicos&nbsp;pensados para ti.<\/p>\n\n\n\n<p><\/p>\n\n\n\n<hr class=\"wp-block-separator has-alpha-channel-opacity\"\/>\n\n\n\n<h2 class=\"wp-block-heading has-text-align-center\"><strong><mark style=\"background-color:rgba(0, 0, 0, 0)\" class=\"has-inline-color has-luminous-vivid-orange-color\">Aparatolog\u00eda<\/mark><\/strong><\/h2>\n\n\n<div class=\"wp-block-image\">\n<figure class=\"aligncenter is-resized\"><img decoding=\"async\" src=\"https:\/\/i0.wp.com\/centreisis.es\/wp-content\/uploads\/2022\/04\/ap_cocoon.png?resize=707%2C1168&amp;ssl=1\" alt=\"\" class=\"wp-image-1626\" style=\"aspect-ratio:0.6053110367892977;width:138px;height:auto\" title=\"ap_cocoon\"\/><\/figure>\n<\/div>\n\n\n<p class=\"has-text-align-center\">La aparatolog\u00eda combina los \u00faltimos avances en el sector para solucionar problemas de forma mucho&nbsp;m\u00e1s<strong> <\/strong>r\u00e1pida, efectiva y duradera, y todo ello sin la necesidad de pasar por un quir\u00f3fano ni de someterse a tratamientos invasivos.<\/p>\n\n\n\n<p class=\"has-text-align-center\">Tanto la aparatolog\u00eda facial como la aparatolog\u00eda para tratamientos corporales presentan la \u00faltima tecnolog\u00eda, para garantizar los&nbsp;mejores resultados en el cuidado del rostro y cuerpo.&nbsp;<\/p>\n\n\n\n<p class=\"has-text-align-center\"><a href=\"https:\/\/centreisis.com\/index.php\/tractaments-de-bellesa\/\" target=\"_blank\" rel=\"noreferrer noopener\"><strong>Nuestros tratamientos<\/strong><\/a><\/p>\n\n\n\n<hr class=\"wp-block-separator has-alpha-channel-opacity\"\/>\n\n\n\n<h2 class=\"wp-block-heading has-text-align-center\"><strong><mark style=\"background-color:rgba(0, 0, 0, 0)\" class=\"has-inline-color has-luminous-vivid-orange-color\">Terapias Naturales<\/mark><\/strong><\/h2>\n\n\n<div class=\"wp-block-image\">\n<figure class=\"aligncenter size-full is-resized\"><img loading=\"lazy\" decoding=\"async\" width=\"514\" height=\"342\" src=\"https:\/\/centreisis.com\/wp-content\/uploads\/2026\/03\/image-3.png\" alt=\"\" class=\"wp-image-158\" style=\"aspect-ratio:1.5029469548133596;width:290px;height:auto\" srcset=\"https:\/\/nefer.es\/wp-content\/uploads\/2026\/03\/image-3.png 514w, https:\/\/nefer.es\/wp-content\/uploads\/2026\/03\/image-3-300x200.png 300w\" sizes=\"auto, (max-width: 514px) 100vw, 514px\" \/><\/figure>\n<\/div>\n\n\n<p class=\"has-text-align-center\">Para un buen equilibrio de salud y bienestar, debes observar todas las partes:&nbsp;cuerpo, mente y paz interior.<\/p>\n\n\n\n<p class=\"has-text-align-center\">Y nosotros lo tenemos claro, por eso, te ofrecemos&nbsp;&nbsp;nuestro&nbsp;servicio terap\u00e9utico integrativo. Un espacio de asesoramiento para identificar y aplicar las herramientas m\u00e1s id\u00f3neas a tu momento actual.<\/p>\n\n\n\n<p class=\"has-text-align-center\"><a href=\"https:\/\/centreisis.com\/index.php\/terapies-naturals\/\" type=\"link\" id=\"https:\/\/centreihttps:\/\/centreisis.com\/index.php\/terapies-naturals\/\" target=\"_blank\" rel=\"noreferrer noopener\"><strong>Descubre el tratamiento que mejor se adapta a ti<\/strong><\/a><\/p>\n\n\n\n<h4 class=\"wp-block-heading has-text-align-center\">Cualquier ocasi\u00f3n es buena <strong>para regalar cuidados y bienestar<\/strong><\/h4>\n\n\n<div class=\"wp-block-image\">\n<figure class=\"aligncenter size-full is-resized\"><img loading=\"lazy\" decoding=\"async\" width=\"720\" height=\"720\" src=\"https:\/\/centreisis.com\/wp-content\/uploads\/2026\/03\/image-1.png\" alt=\"\" class=\"wp-image-154\" style=\"width:217px;height:auto\" srcset=\"https:\/\/nefer.es\/wp-content\/uploads\/2026\/03\/image-1.png 720w, https:\/\/nefer.es\/wp-content\/uploads\/2026\/03\/image-1-300x300.png 300w, https:\/\/nefer.es\/wp-content\/uploads\/2026\/03\/image-1-150x150.png 150w, https:\/\/nefer.es\/wp-content\/uploads\/2026\/03\/image-1-600x600.png 600w\" sizes=\"auto, (max-width: 720px) 100vw, 720px\" \/><\/figure>\n<\/div>\n\n\n<p class=\"has-text-align-center\">Si estas buscando ese regalo especial para mimar a tu pareja, sorprender a tu madre, arrancar una sonrisa a una amiga, con nuestros tratamientos de belleza vas a triunfar.<\/p>\n\n\n\n<p class=\"has-text-align-center\"><strong><mark style=\"background-color:rgba(0, 0, 0, 0)\" class=\"has-inline-color has-luminous-vivid-orange-color\">Que mejor que regalar un momento de cuidados, mimos, relax y bienestar!<\/mark><\/strong><\/p>\n\n\n\n<p><\/p>\n","protected":false},"excerpt":{"rendered":"<p>Bienvenid@s a CENTRE NEFER Donde sentirse bien y verte mejor es posible Expertos en tratamientos corporales y faciales, aparatolog\u00eda y terapias naturales, con una amplia carta para hacer que t\u00fa experiencia sea \u00fanica. Conoce nuestros servicios Tratamientos de Belleza El sello distintivo de nuestro Centro es la&nbsp;continua formaci\u00f3n&nbsp;de nuestras profesionales, junto con el uso de&nbsp;productos&hellip;&nbsp;<\/p>\n","protected":false},"author":1,"featured_media":0,"parent":0,"menu_order":0,"comment_status":"closed","ping_status":"closed","template":"","meta":{"neve_meta_sidebar":"","neve_meta_container":"","neve_meta_enable_content_width":"","neve_meta_content_width":0,"neve_meta_title_alignment":"","neve_meta_author_avatar":"","neve_post_elements_order":"","neve_meta_disable_header":"","neve_meta_disable_footer":"","neve_meta_disable_title":"","footnotes":""},"class_list":["post-151","page","type-page","status-publish","hentry"],"yoast_head":"<!-- This site is optimized with the Yoast SEO plugin v27.4 - https:\/\/yoast.com\/product\/yoast-seo-wordpress\/ -->\n<title>- centre nefer<\/title>\n<meta name=\"robots\" content=\"index, follow, max-snippet:-1, max-image-preview:large, max-video-preview:-1\" \/>\n<link rel=\"canonical\" href=\"https:\/\/nefer.es\/\" \/>\n<meta property=\"og:locale\" content=\"es_ES\" \/>\n<meta property=\"og:type\" content=\"article\" \/>\n<meta property=\"og:title\" content=\"- centre nefer\" \/>\n<meta property=\"og:description\" content=\"Bienvenid@s a CENTRE NEFER Donde sentirse bien y verte mejor es posible Expertos en tratamientos corporales y faciales, aparatolog\u00eda y terapias naturales, con una amplia carta para hacer que t\u00fa experiencia sea \u00fanica. Conoce nuestros servicios Tratamientos de Belleza El sello distintivo de nuestro Centro es la&nbsp;continua formaci\u00f3n&nbsp;de nuestras profesionales, junto con el uso de&nbsp;productos&hellip;&nbsp;\" \/>\n<meta property=\"og:url\" content=\"https:\/\/nefer.es\/\" \/>\n<meta property=\"og:site_name\" content=\"centre nefer\" \/>\n<meta property=\"article:modified_time\" content=\"2026-03-30T08:15:33+00:00\" \/>\n<meta property=\"og:image\" content=\"https:\/\/centreisis.com\/wp-content\/uploads\/2026\/03\/image-2.png\" \/>\n<meta name=\"twitter:card\" content=\"summary_large_image\" \/>\n<meta name=\"twitter:label1\" content=\"Tiempo de lectura\" \/>\n\t<meta name=\"twitter:data1\" content=\"2 minutos\" \/>\n<script type=\"application\/ld+json\" class=\"yoast-schema-graph\">{\"@context\":\"https:\\\/\\\/schema.org\",\"@graph\":[{\"@type\":\"WebPage\",\"@id\":\"https:\\\/\\\/nefer.es\\\/\",\"url\":\"https:\\\/\\\/nefer.es\\\/\",\"name\":\"- centre nefer\",\"isPartOf\":{\"@id\":\"https:\\\/\\\/nefer.es\\\/#website\"},\"primaryImageOfPage\":{\"@id\":\"https:\\\/\\\/nefer.es\\\/#primaryimage\"},\"image\":{\"@id\":\"https:\\\/\\\/nefer.es\\\/#primaryimage\"},\"thumbnailUrl\":\"https:\\\/\\\/centreisis.com\\\/wp-content\\\/uploads\\\/2026\\\/03\\\/image-2.png\",\"datePublished\":\"2026-03-06T17:05:53+00:00\",\"dateModified\":\"2026-03-30T08:15:33+00:00\",\"inLanguage\":\"es\",\"potentialAction\":[{\"@type\":\"ReadAction\",\"target\":[\"https:\\\/\\\/nefer.es\\\/\"]}]},{\"@type\":\"ImageObject\",\"inLanguage\":\"es\",\"@id\":\"https:\\\/\\\/nefer.es\\\/#primaryimage\",\"url\":\"https:\\\/\\\/centreisis.com\\\/wp-content\\\/uploads\\\/2026\\\/03\\\/image-2.png\",\"contentUrl\":\"https:\\\/\\\/centreisis.com\\\/wp-content\\\/uploads\\\/2026\\\/03\\\/image-2.png\"},{\"@type\":\"WebSite\",\"@id\":\"https:\\\/\\\/nefer.es\\\/#website\",\"url\":\"https:\\\/\\\/nefer.es\\\/\",\"name\":\"centre nefer\",\"description\":\"\",\"publisher\":{\"@id\":\"https:\\\/\\\/nefer.es\\\/#organization\"},\"potentialAction\":[{\"@type\":\"SearchAction\",\"target\":{\"@type\":\"EntryPoint\",\"urlTemplate\":\"https:\\\/\\\/nefer.es\\\/?s={search_term_string}\"},\"query-input\":{\"@type\":\"PropertyValueSpecification\",\"valueRequired\":true,\"valueName\":\"search_term_string\"}}],\"inLanguage\":\"es\"},{\"@type\":\"Organization\",\"@id\":\"https:\\\/\\\/nefer.es\\\/#organization\",\"name\":\"centre nefer\",\"url\":\"https:\\\/\\\/nefer.es\\\/\",\"logo\":{\"@type\":\"ImageObject\",\"inLanguage\":\"es\",\"@id\":\"https:\\\/\\\/nefer.es\\\/#\\\/schema\\\/logo\\\/image\\\/\",\"url\":\"https:\\\/\\\/nefer.es\\\/wp-content\\\/uploads\\\/2026\\\/03\\\/cropped-logo-isis-dual-natura-1.jpg\",\"contentUrl\":\"https:\\\/\\\/nefer.es\\\/wp-content\\\/uploads\\\/2026\\\/03\\\/cropped-logo-isis-dual-natura-1.jpg\",\"width\":711,\"height\":534,\"caption\":\"centre nefer\"},\"image\":{\"@id\":\"https:\\\/\\\/nefer.es\\\/#\\\/schema\\\/logo\\\/image\\\/\"}}]}<\/script>\n<!-- \/ Yoast SEO plugin. -->","yoast_head_json":{"title":"- centre nefer","robots":{"index":"index","follow":"follow","max-snippet":"max-snippet:-1","max-image-preview":"max-image-preview:large","max-video-preview":"max-video-preview:-1"},"canonical":"https:\/\/nefer.es\/","og_locale":"es_ES","og_type":"article","og_title":"- centre nefer","og_description":"Bienvenid@s a CENTRE NEFER Donde sentirse bien y verte mejor es posible Expertos en tratamientos corporales y faciales, aparatolog\u00eda y terapias naturales, con una amplia carta para hacer que t\u00fa experiencia sea \u00fanica. Conoce nuestros servicios Tratamientos de Belleza El sello distintivo de nuestro Centro es la&nbsp;continua formaci\u00f3n&nbsp;de nuestras profesionales, junto con el uso de&nbsp;productos&hellip;&nbsp;","og_url":"https:\/\/nefer.es\/","og_site_name":"centre nefer","article_modified_time":"2026-03-30T08:15:33+00:00","og_image":[{"url":"https:\/\/centreisis.com\/wp-content\/uploads\/2026\/03\/image-2.png","type":"","width":"","height":""}],"twitter_card":"summary_large_image","twitter_misc":{"Tiempo de lectura":"2 minutos"},"schema":{"@context":"https:\/\/schema.org","@graph":[{"@type":"WebPage","@id":"https:\/\/nefer.es\/","url":"https:\/\/nefer.es\/","name":"- centre nefer","isPartOf":{"@id":"https:\/\/nefer.es\/#website"},"primaryImageOfPage":{"@id":"https:\/\/nefer.es\/#primaryimage"},"image":{"@id":"https:\/\/nefer.es\/#primaryimage"},"thumbnailUrl":"https:\/\/centreisis.com\/wp-content\/uploads\/2026\/03\/image-2.png","datePublished":"2026-03-06T17:05:53+00:00","dateModified":"2026-03-30T08:15:33+00:00","inLanguage":"es","potentialAction":[{"@type":"ReadAction","target":["https:\/\/nefer.es\/"]}]},{"@type":"ImageObject","inLanguage":"es","@id":"https:\/\/nefer.es\/#primaryimage","url":"https:\/\/centreisis.com\/wp-content\/uploads\/2026\/03\/image-2.png","contentUrl":"https:\/\/centreisis.com\/wp-content\/uploads\/2026\/03\/image-2.png"},{"@type":"WebSite","@id":"https:\/\/nefer.es\/#website","url":"https:\/\/nefer.es\/","name":"centre nefer","description":"","publisher":{"@id":"https:\/\/nefer.es\/#organization"},"potentialAction":[{"@type":"SearchAction","target":{"@type":"EntryPoint","urlTemplate":"https:\/\/nefer.es\/?s={search_term_string}"},"query-input":{"@type":"PropertyValueSpecification","valueRequired":true,"valueName":"search_term_string"}}],"inLanguage":"es"},{"@type":"Organization","@id":"https:\/\/nefer.es\/#organization","name":"centre nefer","url":"https:\/\/nefer.es\/","logo":{"@type":"ImageObject","inLanguage":"es","@id":"https:\/\/nefer.es\/#\/schema\/logo\/image\/","url":"https:\/\/nefer.es\/wp-content\/uploads\/2026\/03\/cropped-logo-isis-dual-natura-1.jpg","contentUrl":"https:\/\/nefer.es\/wp-content\/uploads\/2026\/03\/cropped-logo-isis-dual-natura-1.jpg","width":711,"height":534,"caption":"centre nefer"},"image":{"@id":"https:\/\/nefer.es\/#\/schema\/logo\/image\/"}}]}},"jetpack_sharing_enabled":true,"_links":{"self":[{"href":"https:\/\/nefer.es\/index.php\/wp-json\/wp\/v2\/pages\/151","targetHints":{"allow":["GET"]}}],"collection":[{"href":"https:\/\/nefer.es\/index.php\/wp-json\/wp\/v2\/pages"}],"about":[{"href":"https:\/\/nefer.es\/index.php\/wp-json\/wp\/v2\/types\/page"}],"author":[{"embeddable":true,"href":"https:\/\/nefer.es\/index.php\/wp-json\/wp\/v2\/users\/1"}],"replies":[{"embeddable":true,"href":"https:\/\/nefer.es\/index.php\/wp-json\/wp\/v2\/comments?post=151"}],"version-history":[{"count":16,"href":"https:\/\/nefer.es\/index.php\/wp-json\/wp\/v2\/pages\/151\/revisions"}],"predecessor-version":[{"id":484,"href":"https:\/\/nefer.es\/index.php\/wp-json\/wp\/v2\/pages\/151\/revisions\/484"}],"wp:attachment":[{"href":"https:\/\/nefer.es\/index.php\/wp-json\/wp\/v2\/media?parent=151"}],"curies":[{"name":"wp","href":"https:\/\/api.w.org\/{rel}","templated":true}]}}