{"id":382,"date":"2026-03-13T15:41:24","date_gmt":"2026-03-13T15:41:24","guid":{"rendered":"https:\/\/centreisis.com\/?page_id=382"},"modified":"2026-03-30T14:23:26","modified_gmt":"2026-03-30T14:23:26","slug":"higiene-de-espalda","status":"publish","type":"page","link":"https:\/\/nefer.es\/index.php\/higiene-de-espalda\/","title":{"rendered":"Higiene de Espalda"},"content":{"rendered":"<div class=\"wp-block-image\">\n<figure class=\"aligncenter size-full is-resized\"><img loading=\"lazy\" decoding=\"async\" width=\"1024\" height=\"559\" src=\"https:\/\/nefer.es\/wp-content\/uploads\/2026\/03\/image-14.png\" alt=\"\" class=\"wp-image-495\" style=\"aspect-ratio:1.8319179618650858;width:423px;height:auto\" srcset=\"https:\/\/nefer.es\/wp-content\/uploads\/2026\/03\/image-14.png 1024w, https:\/\/nefer.es\/wp-content\/uploads\/2026\/03\/image-14-300x164.png 300w, https:\/\/nefer.es\/wp-content\/uploads\/2026\/03\/image-14-768x419.png 768w\" sizes=\"auto, (max-width: 1024px) 100vw, 1024px\" \/><\/figure>\n<\/div>\n\n\n<h4 class=\"wp-block-heading has-text-align-center\">En qu\u00e9 consiste<\/h4>\n\n\n\n<p class=\"has-text-align-center\">La espalda es la zona de nuestro cuerpo donde se encuentran la mayor cantidad de gl\u00e1ndulas seb\u00e1ceas, por lo tanto las probabilidades de formar impurezas son bastante altas. Es por eso que su cuidado e higiene es indispensable, ya que de esta manera podremos lucir la piel de esta zona m\u00e1s limpia y sana.<\/p>\n\n\n\n<hr class=\"wp-block-separator has-alpha-channel-opacity\"\/>\n\n\n\n<p class=\"has-text-align-center\"><\/p>\n\n\n\n<h5 class=\"wp-block-heading has-text-align-center\">Procedimiento<\/h5>\n\n\n\n<p>\u2013 Limpieza de piel: Limpiamos la piel de la espalda<br>\u2013 Exfoliaci\u00f3n: Eliminaci\u00f3n de c\u00e9lulas muertas y exceso de queratina.<br>\u2013 Aplicaci\u00f3n de vapor: Para dilatar los poros y facilitar la extracci\u00f3n.<br>\u2013 Extracci\u00f3n: Extracci\u00f3n de puntos negros, intentando no dejar ninguna marca y hacer el menor da\u00f1o posible.<br>\u2013 Alta frecuencia: Aplicaci\u00f3n de alta frecuencia para desinfectar la zona tratada y cerrar los poros.<br>\u2013 Masaje: Realizaci\u00f3n de masaje.<br>\u2013 Mascarilla: Aplicamos mascarilla para descongestionar, calmar y depurar.<br>\u2013 Crema: Aplicaci\u00f3n de crema final para hidratar la piel.<\/p>\n","protected":false},"excerpt":{"rendered":"<p>En qu\u00e9 consiste La espalda es la zona de nuestro cuerpo donde se encuentran la mayor cantidad de gl\u00e1ndulas seb\u00e1ceas, por lo tanto las probabilidades de formar impurezas son bastante altas. Es por eso que su cuidado e higiene es indispensable, ya que de esta manera podremos lucir la piel de esta zona m\u00e1s limpia&hellip;&nbsp;<\/p>\n","protected":false},"author":1,"featured_media":0,"parent":0,"menu_order":0,"comment_status":"closed","ping_status":"closed","template":"","meta":{"neve_meta_sidebar":"","neve_meta_container":"","neve_meta_enable_content_width":"","neve_meta_content_width":0,"neve_meta_title_alignment":"","neve_meta_author_avatar":"","neve_post_elements_order":"","neve_meta_disable_header":"","neve_meta_disable_footer":"","neve_meta_disable_title":"","footnotes":""},"class_list":["post-382","page","type-page","status-publish","hentry"],"yoast_head":"<!-- This site is optimized with the Yoast SEO plugin v27.5 - https:\/\/yoast.com\/product\/yoast-seo-wordpress\/ -->\n<title>Higiene de Espalda - centre nefer<\/title>\n<meta name=\"robots\" content=\"index, follow, max-snippet:-1, max-image-preview:large, max-video-preview:-1\" \/>\n<link rel=\"canonical\" href=\"https:\/\/nefer.es\/index.php\/higiene-de-espalda\/\" \/>\n<meta property=\"og:locale\" content=\"es_ES\" \/>\n<meta property=\"og:type\" content=\"article\" \/>\n<meta property=\"og:title\" content=\"Higiene de Espalda - centre nefer\" \/>\n<meta property=\"og:description\" content=\"En qu\u00e9 consiste La espalda es la zona de nuestro cuerpo donde se encuentran la mayor cantidad de gl\u00e1ndulas seb\u00e1ceas, por lo tanto las probabilidades de formar impurezas son bastante altas. Es por eso que su cuidado e higiene es indispensable, ya que de esta manera podremos lucir la piel de esta zona m\u00e1s limpia&hellip;&nbsp;\" \/>\n<meta property=\"og:url\" content=\"https:\/\/nefer.es\/index.php\/higiene-de-espalda\/\" \/>\n<meta property=\"og:site_name\" content=\"centre nefer\" \/>\n<meta property=\"article:modified_time\" content=\"2026-03-30T14:23:26+00:00\" \/>\n<meta property=\"og:image\" content=\"https:\/\/nefer.es\/wp-content\/uploads\/2026\/03\/image-14.png\" \/>\n\t<meta property=\"og:image:width\" content=\"1024\" \/>\n\t<meta property=\"og:image:height\" content=\"559\" \/>\n\t<meta property=\"og:image:type\" content=\"image\/png\" \/>\n<meta name=\"twitter:card\" content=\"summary_large_image\" \/>\n<meta name=\"twitter:label1\" content=\"Tiempo de lectura\" \/>\n\t<meta name=\"twitter:data1\" content=\"1 minuto\" \/>\n<script type=\"application\/ld+json\" class=\"yoast-schema-graph\">{\"@context\":\"https:\\\/\\\/schema.org\",\"@graph\":[{\"@type\":\"WebPage\",\"@id\":\"https:\\\/\\\/nefer.es\\\/index.php\\\/higiene-de-espalda\\\/\",\"url\":\"https:\\\/\\\/nefer.es\\\/index.php\\\/higiene-de-espalda\\\/\",\"name\":\"Higiene de Espalda - centre nefer\",\"isPartOf\":{\"@id\":\"https:\\\/\\\/nefer.es\\\/#website\"},\"primaryImageOfPage\":{\"@id\":\"https:\\\/\\\/nefer.es\\\/index.php\\\/higiene-de-espalda\\\/#primaryimage\"},\"image\":{\"@id\":\"https:\\\/\\\/nefer.es\\\/index.php\\\/higiene-de-espalda\\\/#primaryimage\"},\"thumbnailUrl\":\"https:\\\/\\\/nefer.es\\\/wp-content\\\/uploads\\\/2026\\\/03\\\/image-14.png\",\"datePublished\":\"2026-03-13T15:41:24+00:00\",\"dateModified\":\"2026-03-30T14:23:26+00:00\",\"breadcrumb\":{\"@id\":\"https:\\\/\\\/nefer.es\\\/index.php\\\/higiene-de-espalda\\\/#breadcrumb\"},\"inLanguage\":\"es\",\"potentialAction\":[{\"@type\":\"ReadAction\",\"target\":[\"https:\\\/\\\/nefer.es\\\/index.php\\\/higiene-de-espalda\\\/\"]}]},{\"@type\":\"ImageObject\",\"inLanguage\":\"es\",\"@id\":\"https:\\\/\\\/nefer.es\\\/index.php\\\/higiene-de-espalda\\\/#primaryimage\",\"url\":\"https:\\\/\\\/nefer.es\\\/wp-content\\\/uploads\\\/2026\\\/03\\\/image-14.png\",\"contentUrl\":\"https:\\\/\\\/nefer.es\\\/wp-content\\\/uploads\\\/2026\\\/03\\\/image-14.png\",\"width\":1024,\"height\":559},{\"@type\":\"BreadcrumbList\",\"@id\":\"https:\\\/\\\/nefer.es\\\/index.php\\\/higiene-de-espalda\\\/#breadcrumb\",\"itemListElement\":[{\"@type\":\"ListItem\",\"position\":1,\"name\":\"Portada\",\"item\":\"https:\\\/\\\/nefer.es\\\/\"},{\"@type\":\"ListItem\",\"position\":2,\"name\":\"Higiene de Espalda\"}]},{\"@type\":\"WebSite\",\"@id\":\"https:\\\/\\\/nefer.es\\\/#website\",\"url\":\"https:\\\/\\\/nefer.es\\\/\",\"name\":\"centre nefer\",\"description\":\"\",\"publisher\":{\"@id\":\"https:\\\/\\\/nefer.es\\\/#organization\"},\"potentialAction\":[{\"@type\":\"SearchAction\",\"target\":{\"@type\":\"EntryPoint\",\"urlTemplate\":\"https:\\\/\\\/nefer.es\\\/?s={search_term_string}\"},\"query-input\":{\"@type\":\"PropertyValueSpecification\",\"valueRequired\":true,\"valueName\":\"search_term_string\"}}],\"inLanguage\":\"es\"},{\"@type\":\"Organization\",\"@id\":\"https:\\\/\\\/nefer.es\\\/#organization\",\"name\":\"centre nefer\",\"url\":\"https:\\\/\\\/nefer.es\\\/\",\"logo\":{\"@type\":\"ImageObject\",\"inLanguage\":\"es\",\"@id\":\"https:\\\/\\\/nefer.es\\\/#\\\/schema\\\/logo\\\/image\\\/\",\"url\":\"https:\\\/\\\/nefer.es\\\/wp-content\\\/uploads\\\/2026\\\/03\\\/cropped-logo-isis-dual-natura-1.jpg\",\"contentUrl\":\"https:\\\/\\\/nefer.es\\\/wp-content\\\/uploads\\\/2026\\\/03\\\/cropped-logo-isis-dual-natura-1.jpg\",\"width\":711,\"height\":534,\"caption\":\"centre nefer\"},\"image\":{\"@id\":\"https:\\\/\\\/nefer.es\\\/#\\\/schema\\\/logo\\\/image\\\/\"}}]}<\/script>\n<!-- \/ Yoast SEO plugin. -->","yoast_head_json":{"title":"Higiene de Espalda - centre nefer","robots":{"index":"index","follow":"follow","max-snippet":"max-snippet:-1","max-image-preview":"max-image-preview:large","max-video-preview":"max-video-preview:-1"},"canonical":"https:\/\/nefer.es\/index.php\/higiene-de-espalda\/","og_locale":"es_ES","og_type":"article","og_title":"Higiene de Espalda - centre nefer","og_description":"En qu\u00e9 consiste La espalda es la zona de nuestro cuerpo donde se encuentran la mayor cantidad de gl\u00e1ndulas seb\u00e1ceas, por lo tanto las probabilidades de formar impurezas son bastante altas. Es por eso que su cuidado e higiene es indispensable, ya que de esta manera podremos lucir la piel de esta zona m\u00e1s limpia&hellip;&nbsp;","og_url":"https:\/\/nefer.es\/index.php\/higiene-de-espalda\/","og_site_name":"centre nefer","article_modified_time":"2026-03-30T14:23:26+00:00","og_image":[{"width":1024,"height":559,"url":"https:\/\/nefer.es\/wp-content\/uploads\/2026\/03\/image-14.png","type":"image\/png"}],"twitter_card":"summary_large_image","twitter_misc":{"Tiempo de lectura":"1 minuto"},"schema":{"@context":"https:\/\/schema.org","@graph":[{"@type":"WebPage","@id":"https:\/\/nefer.es\/index.php\/higiene-de-espalda\/","url":"https:\/\/nefer.es\/index.php\/higiene-de-espalda\/","name":"Higiene de Espalda - centre nefer","isPartOf":{"@id":"https:\/\/nefer.es\/#website"},"primaryImageOfPage":{"@id":"https:\/\/nefer.es\/index.php\/higiene-de-espalda\/#primaryimage"},"image":{"@id":"https:\/\/nefer.es\/index.php\/higiene-de-espalda\/#primaryimage"},"thumbnailUrl":"https:\/\/nefer.es\/wp-content\/uploads\/2026\/03\/image-14.png","datePublished":"2026-03-13T15:41:24+00:00","dateModified":"2026-03-30T14:23:26+00:00","breadcrumb":{"@id":"https:\/\/nefer.es\/index.php\/higiene-de-espalda\/#breadcrumb"},"inLanguage":"es","potentialAction":[{"@type":"ReadAction","target":["https:\/\/nefer.es\/index.php\/higiene-de-espalda\/"]}]},{"@type":"ImageObject","inLanguage":"es","@id":"https:\/\/nefer.es\/index.php\/higiene-de-espalda\/#primaryimage","url":"https:\/\/nefer.es\/wp-content\/uploads\/2026\/03\/image-14.png","contentUrl":"https:\/\/nefer.es\/wp-content\/uploads\/2026\/03\/image-14.png","width":1024,"height":559},{"@type":"BreadcrumbList","@id":"https:\/\/nefer.es\/index.php\/higiene-de-espalda\/#breadcrumb","itemListElement":[{"@type":"ListItem","position":1,"name":"Portada","item":"https:\/\/nefer.es\/"},{"@type":"ListItem","position":2,"name":"Higiene de Espalda"}]},{"@type":"WebSite","@id":"https:\/\/nefer.es\/#website","url":"https:\/\/nefer.es\/","name":"centre nefer","description":"","publisher":{"@id":"https:\/\/nefer.es\/#organization"},"potentialAction":[{"@type":"SearchAction","target":{"@type":"EntryPoint","urlTemplate":"https:\/\/nefer.es\/?s={search_term_string}"},"query-input":{"@type":"PropertyValueSpecification","valueRequired":true,"valueName":"search_term_string"}}],"inLanguage":"es"},{"@type":"Organization","@id":"https:\/\/nefer.es\/#organization","name":"centre nefer","url":"https:\/\/nefer.es\/","logo":{"@type":"ImageObject","inLanguage":"es","@id":"https:\/\/nefer.es\/#\/schema\/logo\/image\/","url":"https:\/\/nefer.es\/wp-content\/uploads\/2026\/03\/cropped-logo-isis-dual-natura-1.jpg","contentUrl":"https:\/\/nefer.es\/wp-content\/uploads\/2026\/03\/cropped-logo-isis-dual-natura-1.jpg","width":711,"height":534,"caption":"centre nefer"},"image":{"@id":"https:\/\/nefer.es\/#\/schema\/logo\/image\/"}}]}},"jetpack_sharing_enabled":true,"_links":{"self":[{"href":"https:\/\/nefer.es\/index.php\/wp-json\/wp\/v2\/pages\/382","targetHints":{"allow":["GET"]}}],"collection":[{"href":"https:\/\/nefer.es\/index.php\/wp-json\/wp\/v2\/pages"}],"about":[{"href":"https:\/\/nefer.es\/index.php\/wp-json\/wp\/v2\/types\/page"}],"author":[{"embeddable":true,"href":"https:\/\/nefer.es\/index.php\/wp-json\/wp\/v2\/users\/1"}],"replies":[{"embeddable":true,"href":"https:\/\/nefer.es\/index.php\/wp-json\/wp\/v2\/comments?post=382"}],"version-history":[{"count":3,"href":"https:\/\/nefer.es\/index.php\/wp-json\/wp\/v2\/pages\/382\/revisions"}],"predecessor-version":[{"id":496,"href":"https:\/\/nefer.es\/index.php\/wp-json\/wp\/v2\/pages\/382\/revisions\/496"}],"wp:attachment":[{"href":"https:\/\/nefer.es\/index.php\/wp-json\/wp\/v2\/media?parent=382"}],"curies":[{"name":"wp","href":"https:\/\/api.w.org\/{rel}","templated":true}]}}

<div class="wp-block-image">
<figure class="aligncenter size-full is-resized"><img loading="lazy" decoding="async" width="1024" height="559" src="https://nefer.es/wp-content/uploads/2026/03/image-14.png" alt="" class="wp-image-495" style="aspect-ratio:1.8319179618650858;width:423px;height:auto" srcset="https://nefer.es/wp-content/uploads/2026/03/image-14.png 1024w, https://nefer.es/wp-content/uploads/2026/03/image-14-300x164.png 300w, https://nefer.es/wp-content/uploads/2026/03/image-14-768x419.png 768w" sizes="auto, (max-width: 1024px) 100vw, 1024px" /></figure>
</div>


<h4 class="wp-block-heading has-text-align-center">En qué consiste</h4>



<p class="has-text-align-center">La espalda es la zona de nuestro cuerpo donde se encuentran la mayor cantidad de glándulas sebáceas, por lo tanto las probabilidades de formar impurezas son bastante altas. Es por eso que su cuidado e higiene es indispensable, ya que de esta manera podremos lucir la piel de esta zona más limpia y sana.</p>



<hr class="wp-block-separator has-alpha-channel-opacity"/>



<p class="has-text-align-center"></p>



<h5 class="wp-block-heading has-text-align-center">Procedimiento</h5>



<p>– Limpieza de piel: Limpiamos la piel de la espalda<br>– Exfoliación: Eliminación de células muertas y exceso de queratina.<br>– Aplicación de vapor: Para dilatar los poros y facilitar la extracción.<br>– Extracción: Extracción de puntos negros, intentando no dejar ninguna marca y hacer el menor daño posible.<br>– Alta frecuencia: Aplicación de alta frecuencia para desinfectar la zona tratada y cerrar los poros.<br>– Masaje: Realización de masaje.<br>– Mascarilla: Aplicamos mascarilla para descongestionar, calmar y depurar.<br>– Crema: Aplicación de crema final para hidratar la piel.</p>

<p>En qué consiste La espalda es la zona de nuestro cuerpo donde se encuentran la mayor cantidad de glándulas sebáceas, por lo tanto las probabilidades de formar impurezas son bastante altas. Es por eso que su cuidado e higiene es indispensable, ya que de esta manera podremos lucir la piel de esta zona más limpia&hellip;&nbsp;</p>

<!-- This site is optimized with the Yoast SEO plugin v27.5 - https://yoast.com/product/yoast-seo-wordpress/ -->
<title>Higiene de Espalda - centre nefer</title>
<meta name="robots" content="index, follow, max-snippet:-1, max-image-preview:large, max-video-preview:-1" />
<link rel="canonical" href="https://nefer.es/index.php/higiene-de-espalda/" />
<meta property="og:locale" content="es_ES" />
<meta property="og:type" content="article" />
<meta property="og:title" content="Higiene de Espalda - centre nefer" />
<meta property="og:description" content="En qué consiste La espalda es la zona de nuestro cuerpo donde se encuentran la mayor cantidad de glándulas sebáceas, por lo tanto las probabilidades de formar impurezas son bastante altas. Es por eso que su cuidado e higiene es indispensable, ya que de esta manera podremos lucir la piel de esta zona más limpia&hellip;&nbsp;" />
<meta property="og:url" content="https://nefer.es/index.php/higiene-de-espalda/" />
<meta property="og:site_name" content="centre nefer" />
<meta property="article:modified_time" content="2026-03-30T14:23:26+00:00" />
<meta property="og:image" content="https://nefer.es/wp-content/uploads/2026/03/image-14.png" />
	<meta property="og:image:width" content="1024" />
	<meta property="og:image:height" content="559" />
	<meta property="og:image:type" content="image/png" />
<meta name="twitter:card" content="summary_large_image" />
<meta name="twitter:label1" content="Tiempo de lectura" />
	<meta name="twitter:data1" content="1 minuto" />
<script type="application/ld+json" class="yoast-schema-graph">{"@context":"https:\/\/schema.org","@graph":[{"@type":"WebPage","@id":"https:\/\/nefer.es\/index.php\/higiene-de-espalda\/","url":"https:\/\/nefer.es\/index.php\/higiene-de-espalda\/","name":"Higiene de Espalda - centre nefer","isPartOf":{"@id":"https:\/\/nefer.es\/#website"},"primaryImageOfPage":{"@id":"https:\/\/nefer.es\/index.php\/higiene-de-espalda\/#primaryimage"},"image":{"@id":"https:\/\/nefer.es\/index.php\/higiene-de-espalda\/#primaryimage"},"thumbnailUrl":"https:\/\/nefer.es\/wp-content\/uploads\/2026\/03\/image-14.png","datePublished":"2026-03-13T15:41:24+00:00","dateModified":"2026-03-30T14:23:26+00:00","breadcrumb":{"@id":"https:\/\/nefer.es\/index.php\/higiene-de-espalda\/#breadcrumb"},"inLanguage":"es","potentialAction":[{"@type":"ReadAction","target":["https:\/\/nefer.es\/index.php\/higiene-de-espalda\/"]}]},{"@type":"ImageObject","inLanguage":"es","@id":"https:\/\/nefer.es\/index.php\/higiene-de-espalda\/#primaryimage","url":"https:\/\/nefer.es\/wp-content\/uploads\/2026\/03\/image-14.png","contentUrl":"https:\/\/nefer.es\/wp-content\/uploads\/2026\/03\/image-14.png","width":1024,"height":559},{"@type":"BreadcrumbList","@id":"https:\/\/nefer.es\/index.php\/higiene-de-espalda\/#breadcrumb","itemListElement":[{"@type":"ListItem","position":1,"name":"Portada","item":"https:\/\/nefer.es\/"},{"@type":"ListItem","position":2,"name":"Higiene de Espalda"}]},{"@type":"WebSite","@id":"https:\/\/nefer.es\/#website","url":"https:\/\/nefer.es\/","name":"centre nefer","description":"","publisher":{"@id":"https:\/\/nefer.es\/#organization"},"potentialAction":[{"@type":"SearchAction","target":{"@type":"EntryPoint","urlTemplate":"https:\/\/nefer.es\/?s={search_term_string}"},"query-input":{"@type":"PropertyValueSpecification","valueRequired":true,"valueName":"search_term_string"}}],"inLanguage":"es"},{"@type":"Organization","@id":"https:\/\/nefer.es\/#organization","name":"centre nefer","url":"https:\/\/nefer.es\/","logo":{"@type":"ImageObject","inLanguage":"es","@id":"https:\/\/nefer.es\/#\/schema\/logo\/image\/","url":"https:\/\/nefer.es\/wp-content\/uploads\/2026\/03\/cropped-logo-isis-dual-natura-1.jpg","contentUrl":"https:\/\/nefer.es\/wp-content\/uploads\/2026\/03\/cropped-logo-isis-dual-natura-1.jpg","width":711,"height":534,"caption":"centre nefer"},"image":{"@id":"https:\/\/nefer.es\/#\/schema\/logo\/image\/"}}]}</script>
<!-- / Yoast SEO plugin. -->

En qué consiste La espalda es la zona de nuestro cuerpo donde se encuentran la mayor cantidad de glándulas sebáceas, por lo tanto las probabilidades de formar impurezas son bastante altas. Es por eso que su cuidado e higiene es indispensable, ya que de esta manera podremos lucir la piel de esta zona más limpia&hellip;&nbsp;
